{"id":27,"date":"2014-09-12T10:37:57","date_gmt":"2014-09-12T09:37:57","guid":{"rendered":"http:\/\/lestylepacou.com\/?page_id=27"},"modified":"2017-09-27T07:22:09","modified_gmt":"2017-09-27T07:22:09","slug":"musiciens","status":"publish","type":"page","link":"https:\/\/le-style-pacou.com\/?page_id=27","title":{"rendered":"Musiciens"},"content":{"rendered":"<h2 style=\"text-align: left;\"><span style=\"color: #ff00ff;\"><strong>Chris &#8211; Guitariste et arrangeur<\/strong><\/span><\/h2>\n<p style=\"text-align: left;\"><a href=\"http:\/\/lestylepacou.files.wordpress.com\/2014\/09\/photo.jpg\"><img data-recalc-dims=\"1\" loading=\"lazy\" decoding=\"async\" class=\"alignnone wp-image-43\" src=\"http:\/\/lestylepacou.files.wordpress.com\/2014\/09\/photo.jpg?w=112&#038;resize=172%2C230\" alt=\"Chris\" width=\"172\" height=\"230\" \/><\/a><a href=\"http:\/\/lestylepacou.files.wordpress.com\/2014\/09\/img_2040.jpg\"><img data-recalc-dims=\"1\" loading=\"lazy\" decoding=\"async\" class=\"alignnone wp-image-42\" src=\"http:\/\/lestylepacou.files.wordpress.com\/2014\/09\/img_2040.jpg?w=102&#038;resize=157%2C231\" alt=\"Chris\" width=\"157\" height=\"231\" \/><\/a><\/p>\n<h2 style=\"text-align: left;\"><\/h2>\n<h2 style=\"text-align: left;\"><span style=\"color: #ff00ff;\"><strong>Laurent Lo\u00eft dit P\u00e9p\u00e9 &#8211; Bassiste<\/strong><\/span><\/h2>\n<p style=\"text-align: center;\"><a href=\"http:\/\/lestylepacou.files.wordpress.com\/2014\/09\/img_1914.jpg\"><img data-recalc-dims=\"1\" loading=\"lazy\" decoding=\"async\" class=\"alignnone wp-image-44\" src=\"http:\/\/lestylepacou.files.wordpress.com\/2014\/09\/img_1914.jpg?w=106&#038;resize=185%2C262\" alt=\"P\u00e9p\u00e9\" width=\"185\" height=\"262\" \/><\/a> <a href=\"http:\/\/lestylepacou.files.wordpress.com\/2014\/09\/pc3a9pc3a9.jpg\"><img data-recalc-dims=\"1\" loading=\"lazy\" decoding=\"async\" class=\"alignnone wp-image-45 alignleft\" src=\"http:\/\/lestylepacou.files.wordpress.com\/2014\/09\/pc3a9pc3a9.jpg?w=84&#038;resize=146%2C261\" alt=\"P\u00e9p\u00e9\" width=\"146\" height=\"261\" \/><\/a><\/p>\n<h2 style=\"text-align: left;\"><\/h2>\n<h2 style=\"text-align: left;\"><span style=\"color: #ff00ff;\"><strong>Eric Tuzenik<br \/>\n<\/strong><\/span><\/h2>\n<p><a href=\"https:\/\/i0.wp.com\/le-style-pacou.com\/wp-content\/uploads\/2014\/09\/Erik.png\"><img data-recalc-dims=\"1\" loading=\"lazy\" decoding=\"async\" data-attachment-id=\"222\" data-permalink=\"https:\/\/le-style-pacou.com\/?attachment_id=222\" data-orig-file=\"https:\/\/i0.wp.com\/le-style-pacou.com\/wp-content\/uploads\/2014\/09\/Erik.png?fit=640%2C1136&amp;ssl=1\" data-orig-size=\"640,1136\" data-comments-opened=\"0\" data-image-meta=\"{&quot;aperture&quot;:&quot;0&quot;,&quot;credit&quot;:&quot;&quot;,&quot;camera&quot;:&quot;&quot;,&quot;caption&quot;:&quot;&quot;,&quot;created_timestamp&quot;:&quot;0&quot;,&quot;copyright&quot;:&quot;&quot;,&quot;focal_length&quot;:&quot;0&quot;,&quot;iso&quot;:&quot;0&quot;,&quot;shutter_speed&quot;:&quot;0&quot;,&quot;title&quot;:&quot;&quot;,&quot;orientation&quot;:&quot;0&quot;}\" data-image-title=\"Erik\" data-image-description=\"\" data-image-caption=\"\" data-medium-file=\"https:\/\/i0.wp.com\/le-style-pacou.com\/wp-content\/uploads\/2014\/09\/Erik.png?fit=169%2C300&amp;ssl=1\" data-large-file=\"https:\/\/i0.wp.com\/le-style-pacou.com\/wp-content\/uploads\/2014\/09\/Erik.png?fit=474%2C841&amp;ssl=1\" tabindex=\"0\" role=\"button\" class=\"wp-image-222 alignnone\" src=\"https:\/\/i0.wp.com\/le-style-pacou.com\/wp-content\/uploads\/2014\/09\/Erik-169x300.png?resize=178%2C316\" alt=\"\" width=\"178\" height=\"316\" srcset=\"https:\/\/i0.wp.com\/le-style-pacou.com\/wp-content\/uploads\/2014\/09\/Erik.png?resize=169%2C300&amp;ssl=1 169w, https:\/\/i0.wp.com\/le-style-pacou.com\/wp-content\/uploads\/2014\/09\/Erik.png?resize=577%2C1024&amp;ssl=1 577w, https:\/\/i0.wp.com\/le-style-pacou.com\/wp-content\/uploads\/2014\/09\/Erik.png?w=640&amp;ssl=1 640w\" sizes=\"(max-width: 178px) 100vw, 178px\" \/><\/a><\/p>\n","protected":false},"excerpt":{"rendered":"<p>Chris &#8211; Guitariste et arrangeur Laurent Lo\u00eft dit P\u00e9p\u00e9 &#8211; Bassiste Eric Tuzenik<\/p>\n","protected":false},"author":2,"featured_media":0,"parent":0,"menu_order":0,"comment_status":"closed","ping_status":"open","template":"","meta":{"jetpack_post_was_ever_published":false,"footnotes":""},"class_list":["post-27","page","type-page","status-publish","hentry"],"jetpack_sharing_enabled":true,"_links":{"self":[{"href":"https:\/\/le-style-pacou.com\/index.php?rest_route=\/wp\/v2\/pages\/27"}],"collection":[{"href":"https:\/\/le-style-pacou.com\/index.php?rest_route=\/wp\/v2\/pages"}],"about":[{"href":"https:\/\/le-style-pacou.com\/index.php?rest_route=\/wp\/v2\/types\/page"}],"author":[{"embeddable":true,"href":"https:\/\/le-style-pacou.com\/index.php?rest_route=\/wp\/v2\/users\/2"}],"replies":[{"embeddable":true,"href":"https:\/\/le-style-pacou.com\/index.php?rest_route=%2Fwp%2Fv2%2Fcomments&post=27"}],"version-history":[{"count":7,"href":"https:\/\/le-style-pacou.com\/index.php?rest_route=\/wp\/v2\/pages\/27\/revisions"}],"predecessor-version":[{"id":75,"href":"https:\/\/le-style-pacou.com\/index.php?rest_route=\/wp\/v2\/pages\/27\/revisions\/75"}],"wp:attachment":[{"href":"https:\/\/le-style-pacou.com\/index.php?rest_route=%2Fwp%2Fv2%2Fmedia&parent=27"}],"curies":[{"name":"wp","href":"https:\/\/api.w.org\/{rel}","templated":true}]}}